v - 5*v - 1 - 11*v. Let k be j(-1). Calculate the highest common divisor of k and 5.
5
Suppose -4*k + k = -3*o + 78, 0 = 4*o + 2*k - 110. Calculate the highest common divisor of o and 18.
9
Let p be (0 - 1)/(2/(-162)). Let n be ((-2)/5 + 1)*15. What is the highest common divisor of p and n?
9
Suppose 2*s = -2*s - 524. Let h = s + 91. Let j = h - -94. Calculate the greatest common factor of j and 9.
9
Let y = -181 - -187. Calculate the greatest common factor of 48 and y.
6
Let i(z) = z**3 - 6. Let q be i(0). Let r be (-9)/2*4/q. Suppose -4*a = -r*c + 1, 4*a + a = 25. Calculate the highest common divisor of 63 and c.
7
Let v = 1 + 2. Let p = 7 - v. Calculate the greatest common factor of 1 and p.
1
Suppose 2*f = -0*f + 8. Suppose f*n - 36 - 8 = 0. What is the greatest common divisor of 11 and n?
11
Let j = 0 + 1. Let b(a) = a**2 + 3*a - 3. Let r(s) = -s**3 + 4*s**2 + 2*s - 6. Let m be r(4). Let z be b(m). Calculate the highest common factor of j and z.
1
Suppose -2*t = 2*j - j + 1, -7 = -4*t - 5*j. Let p(b) = -3*b**3 + b**2 - b. Let g be p(1). Let f = t - g. Calculate the greatest common divisor of f and 1.
1
Let p = -4 - -26. Calculate the greatest common factor of p and 176.
22
Suppose 518 = h - 126. Suppose -372 = -6*u + 3*u - 3*t, 5*u - t = h. Let c = -48 + u. What is the greatest common factor of c and 16?
16
Let s = 57 - 17. What is the greatest common factor of s and 8?
8
Let p be (-3)/(-9) - (-104)/3. Let f be 3/((-2)/16*-6). Suppose -q = f*h - 34, 60 = 5*q + 5*h - 35. What is the highest common factor of q and p?
7
Suppose -4*d + h = -3*d - 1, 4*h = -4*d + 28. Suppose 4*f - j = 421, f - d*f + 320 = -5*j. Let w = 2 + 13. Calculate the greatest common divisor of f and w.
15
Let d = -40 - -176. Calculate the greatest common factor of d and 17.
17
Let c = -232 - -372. Suppose 4*o - 504 + c = 0. Let a be 2/(-6) + (-80)/(-6). Calculate the highest common factor of a and o.
13
Let x(k) = -k**3 - 2*k**2 - 2*k + 4. Suppose 17 - 7 = 2*j. Suppose -5*p + j = 25. Let f be x(p). Calculate the greatest common factor of f and 11.
11
Suppose 7*f - 3*f + 5*o - 1 = 0, 2*o = f + 16. Let d be (-10)/3*f/4. Let i = -20 - -75. Calculate the highest common divisor of i and d.
5
Suppose 0 = -16*w + 13*w + 108. What is the greatest common factor of 12 and w?
12
Let q(r) = r**2 - 1 + 2*r**3 - 4*r**2 + 4*r + 0*r**3. Let b = 10 - 6. Let v be q(b). What is the highest common divisor of v and 38?
19
Suppose 5*v + 0*v - 920 = 5*s, 552 = -3*s - v. Let u = s + 304. What is the highest common divisor of u and 15?
15
Suppose -52 = -3*z - 4*j, 0 = 2*z - j + 2*j - 28. Calculate the highest common factor of 96 and z.
12
Suppose -l + 3*l = -10, 190 = -p + l. Let z = 376 + 17. Let y = z + p. What is the highest common divisor of y and 18?
18
Let r(n) = -n + 4. Let f be r(6). Let c = f - -5. Suppose 4*h + 3 = -c*o, -4*o - 5*h = -o + 6. What is the highest common factor of 1 and o?
1
Suppose 3*o + 397 - 118 = 0. Let b be (-3)/7 + o/(-21). Let h be 46/3 - 2/(-3). What is the greatest common factor of h and b?
4
Let h(v) = -4*v**3 + v**2 - v - 1. Let z be h(-1). Let f = -25 + 70. Calculate the highest common factor of f and z.
5
Suppose -6*d + d + 10 = 0. Let h be 26 - 2 - (0 + d). What is the highest common divisor of h and 55?
11
Let d be ((-58)/(-10) - 5)/((-3)/(-120)). What is the highest common factor of d and 224?
32
Let y = -2 + 4. Let g be (-4)/14*112/(-8). Calculate the highest common divisor of y and g.
2
Suppose 76 = 6*l - 92. What is the greatest common factor of l and 4?
4
Suppose -10*y = -8*y + 12. Let c be (-3)/(-6) - 63/y. Calculate the greatest common factor of 44 and c.
11
Suppose 3*p - 5*x = -24 + 94, 2*p = -3*x + 34. Suppose -4*w + 32 = -p. Let l = w - 7. What is the highest common divisor of l and 3?
3
Let j = 5 + 1. Suppose -t - j - 1 = 0. Let s be t/(-14)*(1 + 63). What is the highest common divisor of s and 8?
8
Suppose 87 = 3*u - 9. What is the greatest common factor of 224 and u?
32
Let f(m) = m**3 + 12*m**2 + 10*m + 1. Let h be f(-11). Let k(i) = 9*i - 3. Let d be k(7). What is the greatest common divisor of d and h?
12
Let r = 115 - 40. What is the greatest common factor of r and 15?
15
Let j(k) = 6*k - 2. Let q(r) = 2*r**2 - r + 1. Let p be q(1). Let m be j(p). Calculate the highest common divisor of m and 70.
10
Suppose -3*b = v - 4, 0 = 3*b + b - 4. Let k = 0 + v. What is the highest common factor of k and 1?
1
Let l = -15 + 23. Suppose 12 = 2*g + 2*g. Suppose 5*j = h - g*h + 35, -3*j + 97 = 5*h. What is the highest common factor of h and l?
4
Suppose 0 = -4*s + 2*s + 18. Let r = 0 + 4. Suppose -2*i - 72 = -r*i. What is the highest common divisor of i and s?
9
Let f be (2/1)/(6/63). Let u = -10 + f. Let a = 37 + -4. Calculate the highest common factor of u and a.
11
Let s be 16 - (-2)/(-2 + 0). Suppose o - 3 = -0. What is the greatest common factor of o and s?
3
Let o = -11 - -15. Let v be (-28 - 0)*(-3)/o. Let s = -67 - -151. Calculate the highest common factor of s and v.
21
Let l = 9 - -6. Suppose -3*o - 2*d = 29, -4*o = -2*o + 3*d + 26. Let k = o + 13. What is the highest common divisor of k and l?
3
Let a(x) = 3*x**2 + 5*x + 2. Let z be (-3)/3 - -1 - 4. Let o be a(z). Calculate the greatest common factor of 10 and o.
10
Let j be 2/(-8) - 385/(-4). What is the highest common divisor of 24 and j?
24
Let d be (-9)/(-4) + 2/(-8). Let b be 24/3 + d/1. What is the greatest common factor of 50 and b?
10
Suppose -6*p + 3*p = -48. Let w be (0/(1 - -2))/(-2). Let m = w - -4. What is the greatest common factor of m and p?
4
Let l(i) = -4*i**2 - 2*i + 3. Let q be l(-3). Let z be (-1074)/(-27) + (-6)/q. Let s = -2 + 7. What is the greatest common divisor of s and z?
5
Let x(o) = -o**3 + 8*o**2 + o - 11. Let z be x(8). Let r be -2 + 15 + -4 + z. What is the greatest common divisor of r and 6?
6
Let q be 2/4 + (-765)/(-10). Suppose 4*f - q = -5*w, 2*w + f = -0*w + 29. Calculate the highest common divisor of 26 and w.
13
Suppose -2*v - 3*a + 697 = 3*v, 2*v - 276 = -4*a. Calculate the highest common factor of v and 35.
35
Let z = 34 - -3. Let a = z - 23. Calculate the highest common divisor of a and 98.
14
Let k = -287 + 297. Suppose -3*a + 56 = n - 5, -5*n = 2*a - 344. Calculate the highest common factor of n and k.
10
Suppose 0 = -a - 5, f = 4*a + 122 - 32. What is the greatest common factor of 10 and f?
10
Let n be (-67)/(-4) - (-2)/8. Let f be 0 - 2 - (-16)/8. Suppose f = -3*u - 2*i + 365, 0*i = -4*u + 4*i + 460. What is the highest common divisor of n and u?
17
Suppose 7*x - 2*x - g = 1178, 0 = -x + 5*g + 250. What is the highest common factor of x and 47?
47
Suppose 0*s - 238 = -4*c + 2*s, -4*c + 243 = 3*s. Suppose 3*q - 36 = -0*q. Calculate the highest common divisor of c and q.
12
Suppose 7 + 5 = -4*f, 5*f = 4*r - 75. Calculate the greatest common factor of 195 and r.
15
Suppose -4*j + 2*j + 104 = -4*l, -l - 146 = -3*j. Calculate the highest common divisor of 6 and j.
6
Let o = 6 - 3. What is the greatest common factor of 15 and o?
3
Let g(b) = -16*b - 1. Let r be g(-4). Suppose 4*a = -2*f + 2, f - 41 = -4*f - a. Calculate the highest common divisor of f and r.
9
Let f = 48 - 8. Let h be ((-8)/(-10))/(16/f). What is the highest common factor of 10 and h?
2
Let k be 0 - (2 + -2)/(-3). Suppose -5*n + k*n = -30. Let a(z) = -z**3 + 5*z**2 + 7*z + 6. Let h be a(n). Calculate the highest common factor of h and 2.
2
Let w be 5 + -1 - (3 + -1). Suppose -3*q = -w*q - 15. Calculate the highest common divisor of 60 and q.
15
Let k be -1 + -17 - (2 - 3). Let h be 0 - k - 6/(-2). What is the greatest common factor of 80 and h?
20
Let y = 6 - -1. Let p(u) = -14*u + 7. Let j be p(-5). What is the greatest common divisor of j and y?
7
Let c be 4/(-6) - (-203)/21. Let q be (-2)/(-1 - (-14)/18). Calculate the highest common factor of c and q.
9
Suppose 0 = 4*f + 2*h - 134, h - 31 = -f - 0*f. What is the highest common divisor of f and 9?
9
Let q = 24 + -11. Calculate the highest common divisor of 52 and q.
13
Let b = 81 + -72. What is the highest common factor of b and 3?
3
Let x be 19/4 - 1/(-4). Suppose x*f - 4 = 26. Let d(v) = 3*v. Let b be d(3). What is the greatest common factor of f and b?
3
Let f = 6 + -2. Let l(u) = -u**2 + 6*u + 4. Let g be l(f). What is the 